
-14
Let i(f) = 29*f + 523. Let v(h) = 10*h + 179. Let k(r) = 6*i(r) - 17*v(r). Determine k(-24).
-1
Let m(b) = -5*b + 3 + 7 - 3. Let y(v) = -27 - 8*v + 19*v + 12. Let x(k) = -7*m(k) - 3*y(k). Give x(4).
4
Let y(m) = 30*m - 3435. Let l(t) = -3*t + 330. Let c(u) = -21*l(u) - 2*y(u). Give c(12).
-24
Suppose -2*y = 4*f + 2, -8*y + 3*f - 2 = -10*y. Suppose -r + y*r = -12. Let w(a) = 3*a**3 + 4*a**2 + 2*a. Calculate w(r).
-12
Suppose -4*t + 30 = f - 3*f, 6 = -t + 5*f. Let q(d) = -7*d**2 + 29*d + 35. Let v(b) = 3*b**2 - 14*b - 16. Let i(w) = t*v(w) + 4*q(w). What is i(-11)?
-15
Let r be (-2 + 0 - (-3 - (-9 + 6))) + -4. Let s(l) = l**3 - 7*l**2 - 76*l - 5. Determine s(r).
-17
Let z be 8*(-15)/(-10) + -5. Suppose -5*n + z + 18 = 0. Let d(f) = -f**3 + 6*f**2 - 4*f - 3. Give d(n).
2
Suppose -6*i - 25 = -i. Let x(a) be the third derivative of -a**5/60 - a**4/4 + a**3/6 - 25593*a**2 + 2*a. Calculate x(i).
6
Let k(w) = 3*w**2 + 47*w + 34. Suppose -2*j - 59 = -57, 5*j = 3*r + 40. Give k(r).
4
Let w(f) be the second derivative of -f**5/20 + 2*f**4/3 - f**3/3 - f**2/2 - 259*f. What is w(7)?
34
Let f(s) = 8*s - 17. Let n(l) = 7*l + 27. Let a be n(-5). Calculate f(a).
-81
Let u(h) be the third derivative of h**5/60 + 5*h**4/24 + 5*h**3/3 - h**2 - 417. Give u(-2).
4
Suppose 4*r - 13 = y, 9 = -2*r - 5*y - 12. Suppose 2 - 5 = -5*j - 4*i, -3*j - r*i + 3 = 0. Suppose 0 = j*a + 9 + 12. Let b(o) = -o**2 - 9*o - 5. What is b(a)?
9
Let r(n) = 2*n**3 + 3*n**2 - 3. Suppose 21*w - 3*d + 21 = 25*w, d = -4*w + 15. Calculate r(w).
78
Let v(j) = j**2 - 10*j - 1. Let x be v(8). Let m = x + 20. Let f(d) = 32*d + m - 31*d + 0. Determine f(-4).
-1
Let z(u) = -3*u - 2. Let o(q) = -q**3 + 31*q**2 + 142*q + 18. Let w be o(-4). What is z(w)?
-32
Let i(j) = 3*j**2 - 82*j - 67. Let d(n) = 2*n**3 - 6*n**2 - 19*n + 72. Let a be d(4). Give i(a).
-11
Let g(b) be the second derivative of 17*b + 0 - b**2 + 1/3*b**3. Determine g(2).
2
Let a(z) = -17*z - 137. Suppose -45*f = -100*f - 117*f - 1204. Determine a(f).
-18
Let x(w) = -w**3 - 4*w**2 + 12*w + 25. Let v = 18715 - 18720. Determine x(v).
-10
Let u(w) = -w + 1. Suppose -39*b + 252 = 642. Let n be (4 + 68/(-20))/((-2)/b). What is u(n)?
-2
Let m(n) = -n**2 + 5*n + 14. Let t be (4/14)/((-87)/(-228984)). Suppose 0 = -758*l + t*l + 42. What is m(l)?
0
Let r(m) be the third derivative of 0*m**4 + 1/120*m**6 - 134*m**2 + 0 + 0*m + 3/2*m**3 - 1/60*m**5. Give r(0).
9
Let k be (2/4)/((-1)/(-2)). Let a be 4*(25/20 - 0) + -4. Let u(d) = 2*d + 18*d**2 + a - 6*d - 21*d**2 + 3*d. Give u(k).
-3
Let q = 393 - 383. Let r be 12/q*((-9 - -3) + 1). Let h(d) = 3*d + 19. What is h(r)?
1
Let y(g) = -159*g**3 + 3 + 4*g + 4*g**2 + 3 + g + 160*g**3. Let p be 25/(5/1) + 96. Let s = p - 105. Give y(s).
-14
Let a be 2*(-10)/4 - (-526 - -524). Let m(f) = -13*f + 3. What is m(a)?
42
Let c be 4/10 + 23/5. Let g(u) be the first derivative of -1/3*u**3 + 2*u**2 + 2*u + 1. Give g(c).
-3
Let c(d) = 11*d + 5. Let v(m) = -23*m + 3. Let u(r) = -24*r + 6. Let f(l) = 3*u(l) - 4*v(l). Let k(i) = -3*c(i) + 2*f(i). Determine k(2).
11
Suppose 0*q + 3*q - 2*j = 1115, -2*q + 754 = -4*j. Let v = q + -369. Let o(u) be the second derivative of u**5/20 + u**4/12 - u**3/6 - 6*u**2 + u. Give o(v).
-12
Let q(c) = 2*c**3 + 18 + 801*c**2 + 765*c**2 - c**3 - 23*c - 1581*c**2. Give q(16).
-94
Suppose c = -0*c - 2. Suppose -2 = 5*x + 2*k + 2*k, 2*x + 8 = -4*k. Let p(f) = -37*f**2 - f - f**3 - 2 + 36*f**2 + x*f + 2*f**3. Calculate p(c).
-16
Suppose -105*d + 99*d = -12. Let v(u) = 1 + 5*u + 56*u**2 - 54*u**d - 3*u. Let h be (-15)/(-6) - (-1)/2. What is v(h)?
25
Let r(a) = 31*a + 18*a - 46*a. Suppose -5*s + 3 = -2*s. Suppose 4 + s = x. What is r(x)?
15
Let b(i) = i**3 + 2*i**2 - 8*i + 2. Let w be b(-4). Let p(q) = 6*q**2 + q**3 + 1 + 1 - 3 + 3*q + w*q. Determine p(-5).
-1
Let j(c) be the second derivative of c**4/12 + 17*c**3/6 - 83*c**2/2 - c - 1962. Give j(-18).
-65
Let x = -6351 - -6351. Let s(f) = f**3 - 3*f**2 + f + 4. Calculate s(x).
4
Let u(d) = -6*d. Let c be u(1). Let k(m) = -26*m + 28 - 24*m - m**3 - 23*m + 99*m - 7*m**2 - 23 - 24*m. Give k(c).
-43
Suppose 11 = 5*o + 1. Suppose 5*n - 9 = -2*t + 5, 14 = o*n - 2*t. Let g(z) = 8*z + 8. Let l(x) = -5*x - 4. Let i(u) = -3*g(u) - 5*l(u). What is i(n)?
0
Suppose -16*n - 9 + 73 = 0. Suppose w + 3*t - 58 = 0, -3*w + 171 + 55 = -n*t. Let h(p) = 0 - p**3 + 6*p**2 - 8 + w*p - 68*p. Give h(6).
4
Let x(p) be the first derivative of -p**4/2 + 8*p**3/3 + 6*p**2 - 15*p + 4469. Determine x(5).
-5
Suppose -5*p + 10 = 0, -2*t + 4*p + 5 = -5. Let x be (((-444)/t)/(-2))/((-3)/9). Let b = x + 73. Let r(c) = 3*c + 1. What is r(b)?
-2
Let b(d) = 4*d + 29. Let y = -443 - -437. Give b(y).
5
Let f be (-240)/32*(-6)/(-5). Let g be (f/(-36))/((-7)/(-112)). Let v(k) = k - 5. Calculate v(g).
-1
Let y(q) = -178 - 4*q + 303 - 149 + q**2. What is y(-7)?
53
Let k(f) = -34*f + 4245. Let y be k(125). Let d(v) = -v**3 - 9*v**2 - 17*v + 8. Calculate d(y).
-7
Let z(j) be the third derivative of -j**6/120 - 3*j**5/20 + 27*j**2. Let b be 49/4 + (-17)/68. Suppose 0 = 7*g + b*g + 171. Calculate z(g).
0
Let f(a) = 2*a**3 - 11*a**2 - 8*a + 1. Let d be f(-4). Let i = 279 + d. Let m(w) = w**3 - 8*w**2 + w + 4. Calculate m(i).
12
Let y(i) = 5*i**2 - 21*i - 20. Let z(l) = -3*l**2 + 11*l + 10. Let k(s) = 4*y(s) + 7*z(s). Let p be k(-3). Let b(d) = -8*d + 3. Calculate b(p).
-13
Let i be (-2)/(-4)*-19 + 67 + -56. Let b(y) be the second derivative of 0 - 15*y - i*y**2 + 1/2*y**3 + 1/3*y**4. Determine b(-3).
24
Suppose 6*j + 420 = 210. Let d(v) = 3*v + 104. What is d(j)?
-1
Let c(t) = -93 + 98*t + 471 + 120 - 202. Give c(-3).
2
Let b(m) = -m**2 + 13*m + 4. Let g be (-1 + 0)/(179/537) + -5. Calculate b(g).
-164
Let t = 17 + -18. Let y be 16/1 + t/(-2)*4. Let m(p) = 22*p - 1 - 34*p + y*p. Give m(-1).
-7
Suppose -3*r + 200 = -7. Let q(l) = 2 - l**3 + 74*l + 71*l - 11*l**2 - 302*l + 77*l + r*l. Determine q(-10).
12
Let l(j) = -2*j**2 - 4*j - 5. Let h(x) = 6*x - 194. Let i be h(32). Calculate l(i).
-5
Let r be (-4)/(-14) - (-1 + (-15)/21). Suppose 5*a - 35 = 2*b + 5, a - r*b = 16. Let w(q) = 25*q**2 + a*q + 2*q - 24*q**2 - 4 + 0. Calculate w(-8).
-4
Let x = -11301 - -11297. Let b(d) = -21*d - 12. Give b(x).
72
Let d(v) = -101*v - 91. Let c be d(-2). Suppose c*y + 9 = 108*y. Let l(g) = -2*g + 1. What is l(y)?
7
Let o(i) = -i**3 - 2*i**2 + 5*i - 3. Let q = -12 - -31. Suppose 0 = -a + q - 21. Let r be ((-80)/60)/(a/(-6)). Determine o(r).
9
Let q(w) = -105*w**2 - 64*w - 122*w**2 + 0 + 63*w + 1 + 262*w**2. What is q(1)?
35
Let u = -220 + 223. Suppose -u*f = -5*c - 0 + 15, -3*c = f + 5. Let g(m) = -m - 3. Give g(c).
-3
Let u = 157 + -576. Let o = 421 + u. Let z(k) = k + 2. Give z(o).
4
Let u(b) be the second derivative of -b**6/120 - b**5/10 - b**4/12 - b**3/2 + 11*b**2/2 + 3*b - 22. Let q(l) be the first derivative of u(l). What is q(-5)?
-18
Let d(p) be the first derivative of p**4/4 - 10*p**3/3 - 13*p**2 + 18*p + 1632. Give d(12).
-6
Let n(y) be the second derivative of -y**5/40 - y**4/8 - 5*y**3/6 - y**2/2 + 92*y. Let l(j) be the second derivative of n(j). Determine l(-4).
9
Let r = -5 - -2. Let k = r + 5. Suppose -k*q - q = 0. Let p(o) = -o - 8. Give p(q).
-8
Let c(l) be the second derivative of l**3/6 - l**2/2 + 6*l + 5. Let z be 3*(1 - (4 - 2)). Determine c(z).
-4
Let y be (34 - 31)/(-3 - (-27)/12). Let n(a) = -120*a + 36. Let k(c) = 23*c - 7. Let x(u) = y*n(u) - 21*k(u). Calculate x(1).
0
Let n(l) be the first derivative of 5*l**2/2 - 2. Let b(k) = -k**2 - 3*k + 2. Let x be b(-4). Determine n(x).
-10
Let y(s) = -s**2 + 5*s - 2. Let u(m) = 8*m + 82. Let w be u(-10). Suppose 5*j - 5*q - w = 8, 4 = 2*j + q. Give y(j).
4
Let h(r) = -r**2 + 4*r + 35. Let o be h(0). Suppose -o = -15*p + 22*p. Let t(j) = j**2 + 3*j - 4. Give t(p).
6
Let c be (-16 + 130)/((-3)/(-2)). Let w = -75 - 3. Let z = c + w. Let h(j) = j**3 + 2*j**2 + 3*j + 3. Calculate h(z).
-3
Let b(q) = -q**3 + 4*q**2 + 3*q + 2. Let p = 17 - 15. Let l be (0 + 2)/p*5. Determine b(l).
-8
Let b(y) = -y + 2. Let w(n) = 2*n - 1. Let i be w(1). Suppose t = 3*p - 1, -2*t = -p - i + 3. Suppose -2*s + 4*o + 14 = p, s + 2 - 6 = o. Give b(s).
1
Let b(l) be the second derivative of l**4/12 + l**3/3 - l**2 - 226*l. Calculate b(1).
1
Let d(n) = -12*n - 119